{"id":7130,"date":"2025-01-22T15:34:22","date_gmt":"2025-01-22T14:34:22","guid":{"rendered":"https:\/\/www.aerodrome-paray.fr\/blog\/?page_id=7130"},"modified":"2025-01-22T15:51:17","modified_gmt":"2025-01-22T14:51:17","slug":"passeport-dinitiation-au-pilotage","status":"publish","type":"page","link":"https:\/\/www.aerodrome-paray.fr\/blog\/passeport-dinitiation-au-pilotage\/","title":{"rendered":"PASSEPORT D&rsquo;INITIATION AU PILOTAGE"},"content":{"rendered":"\t\t<div data-elementor-type=\"wp-page\" data-elementor-id=\"7130\" class=\"elementor elementor-7130\" data-elementor-post-type=\"page\">\n\t\t\t\t\t\t<section class=\"elementor-section elementor-top-section elementor-element elementor-element-29ddf6c elementor-section-boxed elementor-section-height-default elementor-section-height-default\" data-id=\"29ddf6c\" data-element_type=\"section\" data-e-type=\"section\">\n\t\t\t\t\t\t<div class=\"elementor-container elementor-column-gap-default\">\n\t\t\t\t\t<div class=\"elementor-column elementor-col-50 elementor-top-column elementor-element elementor-element-3881d58\" data-id=\"3881d58\" data-element_type=\"column\" data-e-type=\"column\">\n\t\t\t<div class=\"elementor-widget-wrap elementor-element-populated\">\n\t\t\t\t\t\t<div class=\"elementor-element elementor-element-bdaf1f8 elementor-widget elementor-widget-image\" data-id=\"bdaf1f8\" data-element_type=\"widget\" data-e-type=\"widget\" data-widget_type=\"image.default\">\n\t\t\t\t<div class=\"elementor-widget-container\">\n\t\t\t\t\t\t\t\t\t\t\t\t\t\t\t<img fetchpriority=\"high\" decoding=\"async\" width=\"509\" height=\"509\" src=\"https:\/\/www.aerodrome-paray.fr\/blog\/wp-content\/uploads\/passeport.jpg\" class=\"attachment-large size-large wp-image-7133\" alt=\"\" srcset=\"https:\/\/www.aerodrome-paray.fr\/blog\/wp-content\/uploads\/passeport.jpg 509w, https:\/\/www.aerodrome-paray.fr\/blog\/wp-content\/uploads\/passeport-300x300.jpg 300w, https:\/\/www.aerodrome-paray.fr\/blog\/wp-content\/uploads\/passeport-150x150.jpg 150w\" sizes=\"(max-width: 509px) 100vw, 509px\" \/>\t\t\t\t\t\t\t\t\t\t\t\t\t\t\t<\/div>\n\t\t\t\t<\/div>\n\t\t\t\t\t<\/div>\n\t\t<\/div>\n\t\t\t\t<div class=\"elementor-column elementor-col-50 elementor-top-column elementor-element elementor-element-d01b786\" data-id=\"d01b786\" data-element_type=\"column\" data-e-type=\"column\">\n\t\t\t<div class=\"elementor-widget-wrap elementor-element-populated\">\n\t\t\t\t\t\t<div class=\"elementor-element elementor-element-5025c06 elementor-widget elementor-widget-image\" data-id=\"5025c06\" data-element_type=\"widget\" data-e-type=\"widget\" data-widget_type=\"image.default\">\n\t\t\t\t<div class=\"elementor-widget-container\">\n\t\t\t\t\t\t\t\t\t\t\t\t\t\t\t<img decoding=\"async\" width=\"509\" height=\"509\" src=\"https:\/\/www.aerodrome-paray.fr\/blog\/wp-content\/uploads\/PASSEPORT2.jpg\" class=\"attachment-large size-large wp-image-7132\" alt=\"\" srcset=\"https:\/\/www.aerodrome-paray.fr\/blog\/wp-content\/uploads\/PASSEPORT2.jpg 509w, https:\/\/www.aerodrome-paray.fr\/blog\/wp-content\/uploads\/PASSEPORT2-300x300.jpg 300w, https:\/\/www.aerodrome-paray.fr\/blog\/wp-content\/uploads\/PASSEPORT2-150x150.jpg 150w\" sizes=\"(max-width: 509px) 100vw, 509px\" \/>\t\t\t\t\t\t\t\t\t\t\t\t\t\t\t<\/div>\n\t\t\t\t<\/div>\n\t\t\t\t\t<\/div>\n\t\t<\/div>\n\t\t\t\t\t<\/div>\n\t\t<\/section>\n\t\t\t\t<section class=\"elementor-section elementor-top-section elementor-element elementor-element-21b5754 elementor-section-boxed elementor-section-height-default elementor-section-height-default\" data-id=\"21b5754\" data-element_type=\"section\" data-e-type=\"section\">\n\t\t\t\t\t\t<div class=\"elementor-container elementor-column-gap-default\">\n\t\t\t\t\t<div class=\"elementor-column elementor-col-100 elementor-top-column elementor-element elementor-element-f87eb00\" data-id=\"f87eb00\" data-element_type=\"column\" data-e-type=\"column\">\n\t\t\t<div class=\"elementor-widget-wrap elementor-element-populated\">\n\t\t\t\t\t\t<div class=\"elementor-element elementor-element-ebb2a7f elementor-widget__width-initial elementor-widget elementor-widget-text-editor\" data-id=\"ebb2a7f\" data-element_type=\"widget\" data-e-type=\"widget\" data-widget_type=\"text-editor.default\">\n\t\t\t\t<div class=\"elementor-widget-container\">\n\t\t\t\t\t\t\t\t\t<p><a href=\"https:\/\/enviedepiloter.fr\/souscrire-un-passeport\/\">https:\/\/enviedepiloter.fr\/souscrire-un-passeport\/<\/a><\/p>\n<p>Le pilotage vous tente ?&nbsp;<br>La F\u00e9d\u00e9ration Fran\u00e7aise A\u00e9ronautique a mis en place des passeports vous permettant de prendre contact avec un a\u00e9ro-club pour entamer une initiation au pilotage encadr\u00e9e par un instructeur. Cliquez sur le lien ci-dessus !<\/p>\t\t\t\t\t\t\t\t<\/div>\n\t\t\t\t<\/div>\n\t\t\t\t\t<\/div>\n\t\t<\/div>\n\t\t\t\t\t<\/div>\n\t\t<\/section>\n\t\t\t\t<\/div>\n\t\t","protected":false},"excerpt":{"rendered":"<p>https:\/\/enviedepiloter.fr\/souscrire-un-passeport\/ Le pilotage vous tente ?&nbsp;La F\u00e9d\u00e9ration Fran\u00e7aise A\u00e9ronautique a mis en place des passeports vous permettant de prendre contact avec un a\u00e9ro-club pour entamer une initiation au pilotage encadr\u00e9e par un instructeur. Cliquez sur le lien ci-dessus !<\/p>\n","protected":false},"author":2,"featured_media":0,"parent":0,"menu_order":0,"comment_status":"closed","ping_status":"closed","template":"","meta":{"_monsterinsights_skip_tracking":false,"_monsterinsights_sitenote_active":false,"_monsterinsights_sitenote_note":"","_monsterinsights_sitenote_category":0,"footnotes":""},"class_list":["post-7130","page","type-page","status-publish","hentry","nodate","item-wrap"],"yoast_head":"<!-- This site is optimized with the Yoast SEO plugin v27.4 - https:\/\/yoast.com\/product\/yoast-seo-wordpress\/ -->\n<title>PASSEPORT D&#039;INITIATION AU PILOTAGE - Aeroclub Charolais<\/title>\n<meta name=\"robots\" content=\"index, follow, max-snippet:-1, max-image-preview:large, max-video-preview:-1\" \/>\n<link rel=\"canonical\" href=\"https:\/\/www.aerodrome-paray.fr\/blog\/passeport-dinitiation-au-pilotage\/\" \/>\n<meta property=\"og:locale\" content=\"fr_FR\" \/>\n<meta property=\"og:type\" content=\"article\" \/>\n<meta property=\"og:title\" content=\"PASSEPORT D&#039;INITIATION AU PILOTAGE - Aeroclub Charolais\" \/>\n<meta property=\"og:description\" content=\"https:\/\/enviedepiloter.fr\/souscrire-un-passeport\/ Le pilotage vous tente ?&nbsp;La F\u00e9d\u00e9ration Fran\u00e7aise A\u00e9ronautique a mis en place des passeports vous permettant de prendre contact avec un a\u00e9ro-club pour entamer une initiation au pilotage encadr\u00e9e par un instructeur. Cliquez sur le lien ci-dessus !\" \/>\n<meta property=\"og:url\" content=\"https:\/\/www.aerodrome-paray.fr\/blog\/passeport-dinitiation-au-pilotage\/\" \/>\n<meta property=\"og:site_name\" content=\"Aeroclub Charolais\" \/>\n<meta property=\"article:modified_time\" content=\"2025-01-22T14:51:17+00:00\" \/>\n<meta property=\"og:image\" content=\"https:\/\/www.aerodrome-paray.fr\/blog\/wp-content\/uploads\/passeport.jpg\" \/>\n\t<meta property=\"og:image:width\" content=\"509\" \/>\n\t<meta property=\"og:image:height\" content=\"509\" \/>\n\t<meta property=\"og:image:type\" content=\"image\/jpeg\" \/>\n<meta name=\"twitter:card\" content=\"summary_large_image\" \/>\n<meta name=\"twitter:label1\" content=\"Dur\u00e9e de lecture estim\u00e9e\" \/>\n\t<meta name=\"twitter:data1\" content=\"1 minute\" \/>\n<script type=\"application\/ld+json\" class=\"yoast-schema-graph\">{\"@context\":\"https:\\\/\\\/schema.org\",\"@graph\":[{\"@type\":\"WebPage\",\"@id\":\"https:\\\/\\\/www.aerodrome-paray.fr\\\/blog\\\/passeport-dinitiation-au-pilotage\\\/\",\"url\":\"https:\\\/\\\/www.aerodrome-paray.fr\\\/blog\\\/passeport-dinitiation-au-pilotage\\\/\",\"name\":\"PASSEPORT D'INITIATION AU PILOTAGE - Aeroclub Charolais\",\"isPartOf\":{\"@id\":\"https:\\\/\\\/www.aerodrome-paray.fr\\\/blog\\\/#website\"},\"primaryImageOfPage\":{\"@id\":\"https:\\\/\\\/www.aerodrome-paray.fr\\\/blog\\\/passeport-dinitiation-au-pilotage\\\/#primaryimage\"},\"image\":{\"@id\":\"https:\\\/\\\/www.aerodrome-paray.fr\\\/blog\\\/passeport-dinitiation-au-pilotage\\\/#primaryimage\"},\"thumbnailUrl\":\"https:\\\/\\\/www.aerodrome-paray.fr\\\/blog\\\/wp-content\\\/uploads\\\/passeport.jpg\",\"datePublished\":\"2025-01-22T14:34:22+00:00\",\"dateModified\":\"2025-01-22T14:51:17+00:00\",\"breadcrumb\":{\"@id\":\"https:\\\/\\\/www.aerodrome-paray.fr\\\/blog\\\/passeport-dinitiation-au-pilotage\\\/#breadcrumb\"},\"inLanguage\":\"fr-FR\",\"potentialAction\":[{\"@type\":\"ReadAction\",\"target\":[\"https:\\\/\\\/www.aerodrome-paray.fr\\\/blog\\\/passeport-dinitiation-au-pilotage\\\/\"]}]},{\"@type\":\"ImageObject\",\"inLanguage\":\"fr-FR\",\"@id\":\"https:\\\/\\\/www.aerodrome-paray.fr\\\/blog\\\/passeport-dinitiation-au-pilotage\\\/#primaryimage\",\"url\":\"https:\\\/\\\/www.aerodrome-paray.fr\\\/blog\\\/wp-content\\\/uploads\\\/passeport.jpg\",\"contentUrl\":\"https:\\\/\\\/www.aerodrome-paray.fr\\\/blog\\\/wp-content\\\/uploads\\\/passeport.jpg\",\"width\":509,\"height\":509},{\"@type\":\"BreadcrumbList\",\"@id\":\"https:\\\/\\\/www.aerodrome-paray.fr\\\/blog\\\/passeport-dinitiation-au-pilotage\\\/#breadcrumb\",\"itemListElement\":[{\"@type\":\"ListItem\",\"position\":1,\"name\":\"Accueil\",\"item\":\"https:\\\/\\\/www.aerodrome-paray.fr\\\/blog\\\/\"},{\"@type\":\"ListItem\",\"position\":2,\"name\":\"PASSEPORT D&rsquo;INITIATION AU PILOTAGE\"}]},{\"@type\":\"WebSite\",\"@id\":\"https:\\\/\\\/www.aerodrome-paray.fr\\\/blog\\\/#website\",\"url\":\"https:\\\/\\\/www.aerodrome-paray.fr\\\/blog\\\/\",\"name\":\"Aeroclub Charolais\",\"description\":\"\",\"potentialAction\":[{\"@type\":\"SearchAction\",\"target\":{\"@type\":\"EntryPoint\",\"urlTemplate\":\"https:\\\/\\\/www.aerodrome-paray.fr\\\/blog\\\/?s={search_term_string}\"},\"query-input\":{\"@type\":\"PropertyValueSpecification\",\"valueRequired\":true,\"valueName\":\"search_term_string\"}}],\"inLanguage\":\"fr-FR\"}]}<\/script>\n<!-- \/ Yoast SEO plugin. -->","yoast_head_json":{"title":"PASSEPORT D'INITIATION AU PILOTAGE - Aeroclub Charolais","robots":{"index":"index","follow":"follow","max-snippet":"max-snippet:-1","max-image-preview":"max-image-preview:large","max-video-preview":"max-video-preview:-1"},"canonical":"https:\/\/www.aerodrome-paray.fr\/blog\/passeport-dinitiation-au-pilotage\/","og_locale":"fr_FR","og_type":"article","og_title":"PASSEPORT D'INITIATION AU PILOTAGE - Aeroclub Charolais","og_description":"https:\/\/enviedepiloter.fr\/souscrire-un-passeport\/ Le pilotage vous tente ?&nbsp;La F\u00e9d\u00e9ration Fran\u00e7aise A\u00e9ronautique a mis en place des passeports vous permettant de prendre contact avec un a\u00e9ro-club pour entamer une initiation au pilotage encadr\u00e9e par un instructeur. Cliquez sur le lien ci-dessus !","og_url":"https:\/\/www.aerodrome-paray.fr\/blog\/passeport-dinitiation-au-pilotage\/","og_site_name":"Aeroclub Charolais","article_modified_time":"2025-01-22T14:51:17+00:00","og_image":[{"width":509,"height":509,"url":"https:\/\/www.aerodrome-paray.fr\/blog\/wp-content\/uploads\/passeport.jpg","type":"image\/jpeg"}],"twitter_card":"summary_large_image","twitter_misc":{"Dur\u00e9e de lecture estim\u00e9e":"1 minute"},"schema":{"@context":"https:\/\/schema.org","@graph":[{"@type":"WebPage","@id":"https:\/\/www.aerodrome-paray.fr\/blog\/passeport-dinitiation-au-pilotage\/","url":"https:\/\/www.aerodrome-paray.fr\/blog\/passeport-dinitiation-au-pilotage\/","name":"PASSEPORT D'INITIATION AU PILOTAGE - Aeroclub Charolais","isPartOf":{"@id":"https:\/\/www.aerodrome-paray.fr\/blog\/#website"},"primaryImageOfPage":{"@id":"https:\/\/www.aerodrome-paray.fr\/blog\/passeport-dinitiation-au-pilotage\/#primaryimage"},"image":{"@id":"https:\/\/www.aerodrome-paray.fr\/blog\/passeport-dinitiation-au-pilotage\/#primaryimage"},"thumbnailUrl":"https:\/\/www.aerodrome-paray.fr\/blog\/wp-content\/uploads\/passeport.jpg","datePublished":"2025-01-22T14:34:22+00:00","dateModified":"2025-01-22T14:51:17+00:00","breadcrumb":{"@id":"https:\/\/www.aerodrome-paray.fr\/blog\/passeport-dinitiation-au-pilotage\/#breadcrumb"},"inLanguage":"fr-FR","potentialAction":[{"@type":"ReadAction","target":["https:\/\/www.aerodrome-paray.fr\/blog\/passeport-dinitiation-au-pilotage\/"]}]},{"@type":"ImageObject","inLanguage":"fr-FR","@id":"https:\/\/www.aerodrome-paray.fr\/blog\/passeport-dinitiation-au-pilotage\/#primaryimage","url":"https:\/\/www.aerodrome-paray.fr\/blog\/wp-content\/uploads\/passeport.jpg","contentUrl":"https:\/\/www.aerodrome-paray.fr\/blog\/wp-content\/uploads\/passeport.jpg","width":509,"height":509},{"@type":"BreadcrumbList","@id":"https:\/\/www.aerodrome-paray.fr\/blog\/passeport-dinitiation-au-pilotage\/#breadcrumb","itemListElement":[{"@type":"ListItem","position":1,"name":"Accueil","item":"https:\/\/www.aerodrome-paray.fr\/blog\/"},{"@type":"ListItem","position":2,"name":"PASSEPORT D&rsquo;INITIATION AU PILOTAGE"}]},{"@type":"WebSite","@id":"https:\/\/www.aerodrome-paray.fr\/blog\/#website","url":"https:\/\/www.aerodrome-paray.fr\/blog\/","name":"Aeroclub Charolais","description":"","potentialAction":[{"@type":"SearchAction","target":{"@type":"EntryPoint","urlTemplate":"https:\/\/www.aerodrome-paray.fr\/blog\/?s={search_term_string}"},"query-input":{"@type":"PropertyValueSpecification","valueRequired":true,"valueName":"search_term_string"}}],"inLanguage":"fr-FR"}]}},"_links":{"self":[{"href":"https:\/\/www.aerodrome-paray.fr\/blog\/wp-json\/wp\/v2\/pages\/7130","targetHints":{"allow":["GET"]}}],"collection":[{"href":"https:\/\/www.aerodrome-paray.fr\/blog\/wp-json\/wp\/v2\/pages"}],"about":[{"href":"https:\/\/www.aerodrome-paray.fr\/blog\/wp-json\/wp\/v2\/types\/page"}],"author":[{"embeddable":true,"href":"https:\/\/www.aerodrome-paray.fr\/blog\/wp-json\/wp\/v2\/users\/2"}],"replies":[{"embeddable":true,"href":"https:\/\/www.aerodrome-paray.fr\/blog\/wp-json\/wp\/v2\/comments?post=7130"}],"version-history":[{"count":5,"href":"https:\/\/www.aerodrome-paray.fr\/blog\/wp-json\/wp\/v2\/pages\/7130\/revisions"}],"predecessor-version":[{"id":7142,"href":"https:\/\/www.aerodrome-paray.fr\/blog\/wp-json\/wp\/v2\/pages\/7130\/revisions\/7142"}],"wp:attachment":[{"href":"https:\/\/www.aerodrome-paray.fr\/blog\/wp-json\/wp\/v2\/media?parent=7130"}],"curies":[{"name":"wp","href":"https:\/\/api.w.org\/{rel}","templated":true}]}}